{"id":42,"date":"2012-08-04T08:53:08","date_gmt":"2012-08-04T08:53:08","guid":{"rendered":"http:\/\/baulanga.epanchayat.in\/?page_id=42"},"modified":"2012-08-04T08:53:08","modified_gmt":"2012-08-04T08:53:08","slug":"yuy-ieaouieuum","status":"publish","type":"page","link":"https:\/\/baulanga.epanchayat.in\/?page_id=42","title":{"rendered":"@^\u00fd\u00fb^\u00fd i\u00eaa\u00f2]\u00fbi\u00ea\u00f9~\u00fbM"},"content":{"rendered":"<p>\u00f9c\u00fbU A\u00a6\u00f2e\u00fb @\u00fba\u00fbi i\u00f5L\u00fd\u00fb<br \/>\n\u00f9c\u00fbU Kc\u00fd\u00ea^\u00f2U\u00fa jf\u00fe<br \/>\na\u00fbZ\u00fd\u00fb @\u00fbg\u00e2di\u00dak\u00fa<\/p>\n","protected":false},"excerpt":{"rendered":"<p>\u00f9c\u00fbU A\u00a6\u00f2e\u00fb @\u00fba\u00fbi i\u00f5L\u00fd\u00fb \u00f9c\u00fbU Kc\u00fd\u00ea^\u00f2U\u00fa jf\u00fe a\u00fbZ\u00fd\u00fb @\u00fbg\u00e2di\u00dak\u00fa<\/p>\n","protected":false},"author":1,"featured_media":0,"parent":35,"menu_order":0,"comment_status":"closed","ping_status":"open","template":"","meta":[],"_links":{"self":[{"href":"https:\/\/baulanga.epanchayat.in\/index.php?rest_route=\/wp\/v2\/pages\/42"}],"collection":[{"href":"https:\/\/baulanga.epanchayat.in\/index.php?rest_route=\/wp\/v2\/pages"}],"about":[{"href":"https:\/\/baulanga.epanchayat.in\/index.php?rest_route=\/wp\/v2\/types\/page"}],"author":[{"embeddable":true,"href":"https:\/\/baulanga.epanchayat.in\/index.php?rest_route=\/wp\/v2\/users\/1"}],"replies":[{"embeddable":true,"href":"https:\/\/baulanga.epanchayat.in\/index.php?rest_route=%2Fwp%2Fv2%2Fcomments&post=42"}],"version-history":[{"count":0,"href":"https:\/\/baulanga.epanchayat.in\/index.php?rest_route=\/wp\/v2\/pages\/42\/revisions"}],"up":[{"embeddable":true,"href":"https:\/\/baulanga.epanchayat.in\/index.php?rest_route=\/wp\/v2\/pages\/35"}],"wp:attachment":[{"href":"https:\/\/baulanga.epanchayat.in\/index.php?rest_route=%2Fwp%2Fv2%2Fmedia&parent=42"}],"curies":[{"name":"wp","href":"https:\/\/api.w.org\/{rel}","templated":true}]}}